ommon factor of t and 5?
5
Suppose -52*q - 295372 = -47*q - 33*q. Calculate the greatest common factor of 137 and q.
137
Suppose 3*f + 14 = -2*u, -20 = -f - 5*u - 3. Let j = f - -19. Let n(a) = a + 1. Let w be n(j). Calculate the greatest common divisor of w and 72.
12
Suppose -326 = -2*b + 2*l, 2*b = -l + 472 - 137. What is the greatest common divisor of 249 and b?
83
Let f = -108 - -120. Suppose -18 + f = -2*l. Suppose -5*j = -l*o + 8 + 25, -4*j = 4*o - 44. What is the greatest common divisor of 1 and o?
1
Let x(k) = 4*k**2 + 72*k + 16. Let v be x(-18). Let t = 166 - -205. Suppose -v*a + 653 = -t. Calculate the greatest common divisor of a and 8.
8
Let i(t) = 2*t**2 - 278*t + 9055. Let s be i(87). Suppose 3*c + 99 = 2*b, 5*c = c - 20. Calculate the greatest common factor of b and s.
7
Let s be 37/2 - (3408/71)/96. Let m = -116 - -287. What is the highest common factor of m and s?
9
Let u(y) = -12*y + 762. Let r be u(63). Calculate the highest common divisor of 1398 and r.
6
Let t = 11570 - 11567. Calculate the greatest common divisor of 813 and t.
3
Let m = 77 + -61. Let s(b) = -2*b**2 + 16*b - 33. Let p be s(m). Let a be 1*2*p/(-34). Calculate the greatest common divisor of 51 and a.
17
Let d be 2542 - (53/(-371) - (-114)/14). What is the highest common divisor of d and 112?
14
Let x(p) = 14*p + 41. Let d be x(-3). Let w be d + 508 + (-7 - -16). Calculate the highest common factor of 36 and w.
12
Suppose -50102 - 39023 = -31*i. What is the greatest common divisor of 805 and i?
115
Let g be (-2 - -23) + -1 + 0. Suppose -376 = 31*u - 407. What is the highest common factor of u and g?
1
Let o(r) = 16*r**2 - 1. Let l(d) = -7*d - 71. Let x = 107 + -117. Let u be l(x). Let f be o(u). Calculate the greatest common divisor of f and 120.
15
Suppose 10234 - 3914 = -10*b + 14*b. What is the greatest common factor of b and 20?
20
Let u = 914 + -891. Suppose 2*k = 3*o - 98, -u = -o + k + 9. What is the highest common divisor of 391 and o?
17
Suppose 169740 + 582180 = 65*f. What is the greatest common divisor of 48 and f?
48
Suppose -160*x = -104*x - 86*x + 1350. What is the greatest common divisor of x and 14265?
45
Suppose 3*x = 5*z + 5*x - 144, -2*z + 69 = -3*x. Let t be ((-4)/7)/((-8)/56). Suppose -t*h - 3*h + 140 = 0. Calculate the greatest common factor of h and z.
10
Suppose 2*w - 94 = -4*p, 2*p - 51 = -w - p. Let l(y) = -y**3 + 38*y**2 + 42*y - 106. Let b be l(w). Calculate the highest common factor of 407 and b.
11
Suppose 4*w - 93 = d, -3*w = 5*d - 19 - 68. Let i(t) = 2*t**2 - 10. Let n be i(3). What is the greatest common divisor of n and w?
8
Let b = -7242 + 7417. What is the greatest common factor of 7175 and b?
175
Let m(j) = -j**3 + 34*j**2 - 251*j + 62. Let h be m(11). Calculate the greatest common divisor of 1778 and h.
14
Let n(z) = -386*z**2 + 1557*z - 3. Let o be n(4). Suppose 0 = -5*b + 460 + 275. What is the highest common factor of o and b?
49
Let n = -16850 - -26430. Calculate the highest common factor of 20 and n.
20
Let o(m) = m**2 - 38*m - 78. Let a be o(41). Calculate the highest common divisor of 525 and a.
15
Suppose -25*s - 40*s + 21936 = -50864. Calculate the highest common factor of s and 480.
160
Let v(n) be the third derivative of 25*n**4/8 + n**3/6 - 225*n**2. Let x = 16 + -10. Let r be v(x). What is the highest common factor of 41 and r?
41
Suppose 5*i + 41 = n, -4*i - 90 = -4*n - 6. Let s = 1058 - 794. What is the highest common factor of s and n?
8
Suppose 23*d - 721 = 590. Calculate the greatest common factor of d and 5073.
57
Let l(j) = 6*j + 117 + 15*j - 86. Let a be l(0). Calculate the highest common divisor of 434 and a.
31
Suppose 0 = 9*n - 1022 + 725. What is the greatest common factor of n and 16467?
33
Let k = -3 - -7. Suppose 4 = -k*l + b + 11, 2 = 2*b. Suppose -9*i = l*x - 7*i - 30, -10 = 5*i. Calculate the greatest common factor of 136 and x.
17
Let o(v) = 487*v - 4743. Let p be o(15). What is the highest common divisor of 294 and p?
42
Let b be ((-3)/(-2))/(11/(-4664)*3). Let m = b + 236. Calculate the highest common divisor of m and 216.
24
Suppose -759*b + 749*b = -25630. What is the greatest common divisor of b and 11?
11
Suppose -29*o = -1430 + 1310 - 2519. Suppose -5*s = 3*f - 131, 0 = f + 2*s - s - 47. What is the greatest common factor of f and o?
13
Let o be (0 + 1)*9367/38 - 2/4. Calculate the greatest common factor of o and 1107.
123
Suppose 3*x = -5*v + 499, 3*v - 2*x = 2*v + 105. Calculate the highest common factor of v and 303.
101
Let t = -11228 - -11604. What is the greatest common divisor of t and 204?
4
Let p(y) = y**3 - 21*y**2 - 2236*y - 107. Let x be p(59). Suppose 199 - 28 = 3*k. What is the greatest common divisor of k and x?
19
Let s = 8 - 4. Suppose -l + 20 + 5 = 5*f, 12 = s*f. Let j(v) = 20*v**2 - 227*v + 232. Let q be j(1). Calculate the highest common factor of l and q.
5
Suppose -5*b = -5*o - 12695, -2*b + o + 5068 = 4*o. Calculate the greatest common divisor of b and 59.
59
Let s be (311 + -371)*(-12)/40. Let r(y) be the second derivative of -4*y**3/3 + y**2 - y. Let l be r(-2). Calculate the greatest common divisor of s and l.
18
Let j(v) = -3*v**2 + 17*v - 10. Let g be j(5). Suppose 4*n = h - 13 - 170, h + 3*n - 169 = g. Let q = -2 - -27. What is the greatest common factor of q and h?
25
Let q = 4750 + -3994. What is the highest common factor of q and 140?
28
Let c(v) = -v**2 + 6*v + 31. Let b be c(9). Let f be 0/((-5)/(-1) + -3). Suppose 0*d + 3*d - 60 = f. What is the greatest common factor of b and d?
4
Let b be 24/14*84/6. Let h = -156 - -167. Suppose b*s = h*s + 104. What is the greatest common divisor of 56 and s?
8
Let n(h) = 2*h**3 + 306*h**2 + 6*h + 1328. Let t be n(-153). Calculate the greatest common divisor of 1435 and t.
205
Let t(p) = p**2 + 12*p - 27. Let b be t(-14). Let k be 149*b*(-1 + 2). Let h = -39 + k. Calculate the greatest common factor of h and 10.
10
Let l be 1/(-4)*-2*(-11 + 9). Let p(k) = -30*k - 2. Let b be p(l). Suppose 36 - 92 = -4*i. What is the highest common factor of b and i?
14
Suppose 438*k - 40 = 437*k. Let r be 5*(1*-3 - (-1 - 3)). Suppose r*h + 12 = 92. What is the highest common divisor of h and k?
8
Suppose -71 + 404 = -4*k + r, 5*r - 420 = 5*k. Let u = k - -91. Suppose -57 = -u*t + 335. Calculate the highest common divisor of 7 and t.
7
Suppose 585*k - 589*k = -3*t + 1456, 5*t - 2*k = 2464. Let g be 3/4 - 605/(-20). Calculate the greatest common factor of g and t.
31
Let c be (-6)/21 - 107/(-7). Let t be (0 - 3)/(71/(-1065)). Calculate the highest common factor of t and c.
15
Suppose m - 499 = 126. Let f = m - 387. Calculate the greatest common divisor of f and 28.
14
Let t be (1 - 1)*7/(-21). Suppose t = -2*v - 0*v. Suppose v = -3*s - 2*s + 140. Calculate the greatest common factor of 28 and s.
28
Suppose -128 = -4*n - 2*w, -54 - 74 = -4*n - 4*w. Calculate the greatest common divisor of n and 1744.
16
Suppose 2*f = 4*k - 4, -2*k = k - 9. Suppose 3*h - 44 = 5*p, -f*h + 20 = -p + 4*p. Calculate the greatest common factor of 68 and h.
4
Suppose 9 - 99 = -5*z. Let n = -134 - -278. What is the greatest common factor of n and z?
18
Let v(i) = 23*i - 35. Let q be v(3). Suppose 0 = q*z - 923 - 2817. Calculate the greatest common factor of z and 10.
10
Let b(f) = -2*f**2 + 22*f + 5. Let i be b(11). Suppose -3*q + 5*q = i*x + 44, -4*q = -3*x - 88. Calculate the greatest common factor of 77 and q.
11
Suppose -17 + 232 = 13*d - 58. Let l(u) = 24*u - 3. Let x = 7 - -1. Let a be l(x). What is the greatest common divisor of d and a?
21
Suppose z + 4 - 5 = 0. Let r be ((-10)/4 - -3)*0. Let c be 2 - (r - -3) - -2. Calculate the greatest common divisor of c and z.
1
Let b be (0/2 - (-6)/(-1))/(428/(-41088)). Suppose 4*g = -s + 5 + 9, -2*g = -3*s + 56. Calculate the highest common factor of b and s.
18
Let j(m) = 2*m - 9. Let k be j(10). Suppose 37*o = k*o + 286. Calculate the greatest common divisor of 187 and o.
11
Let r be 2 + 2/(-10) + (-1)/(-5). Suppose 4*n + h - 21 = 0, 8 = n + n - r*h. What is the highest common factor of n and 5?
5
Let l(d) = d**2 + 9*d + 23. Let x be l(-5). What is the greatest common divisor of 453 and x?
3
Let p = 3691 + -3591. What is the greatest common factor of p and 1080?
20
Let g be 0 + -2*15/6. Let f be (-160